 = -l**2 - l - 2. Let b(d) = 3*p(d) - s(d). List the prime factors of b(0).
521
Suppose 3*j - 3*n + 9 = 0, 2*j - 4*n = -0*n - 12. Let o be 4/(3/(-6)*(j - -1)). What are the prime factors of 7/((-14)/o) - -104?
2, 3
What are the prime factors of ((-16)/10)/((504/195790)/(-18))?
2, 2797
Let m = 371 - 368. Suppose 0*d + 5*v = -m*d + 1251, 0 = -d - 5*v + 417. List the prime factors of d.
3, 139
List the prime factors of ((-608)/7 + (-14)/(-7))*7392/(-33).
2, 3, 11
Let p(g) = -608*g - 71. Let c be p(-7). List the prime factors of 16/(-6)*c/(-180).
2, 31
Suppose -5*q = -s + 8, -s + 4*q = -2*s + 53. Let a(g) = 4 - 44*g - 54*g + s*g. List the prime factors of a(-2).
2, 67
Suppose 0 = -4*w + 4, 73*w + 51670 = 3*d + 77*w. List the prime factors of d.
2, 79, 109
Suppose -12*q = -7*q - 4*m - 28266, 3*q - 5*m = 16957. What are the prime factors of q?
2, 11, 257
Let w(k) = -k - 5. Let p(z) = 3*z - 5*z + 15*z**2 - 16*z**2 - 8. Let y be p(-2). What are the prime factors of w(y)?
3
Let q(b) = -b**2 - 89*b - 57. Let p(l) = 3*l - 2. Let o(w) = 2*p(w) + q(w). List the prime factors of o(-32).
1571
Suppose -97*f = -96*f + 9077. List the prime factors of (-3)/(-1)*f/(-87).
313
Let o be (-43 + 1 + 0)*4368/(-504). Let h be (-2)/3 + 196/6. Suppose 0 = 28*t - h*t + o. List the prime factors of t.
7, 13
Suppose 0 = 3*r + 2*y - 62795, 4*y = 5*r - 42011 - 62596. What are the prime factors of r?
17, 1231
Let t(w) = 522*w - 414. What are the prime factors of t(18)?
2, 3, 499
Let i(w) be the first derivative of 4 - 1/3*w**3 - 48*w - 15*w**2. List the prime factors of i(-25).
7, 11
Let l be ((-12)/5)/(2 - 1315/650). Suppose 2*t = 1252 + l. Suppose 0 = -3*o + x + t, x = 5*o + 5*x - 1113. List the prime factors of o.
3, 5
Suppose -607*j - 40334 = -618*j + 138658. What are the prime factors of j?
2, 3, 113
Suppose 0 = -c + 25 - 18. Let l be (0/(-2) + c)*98/343. Suppose -l*b + 2 = -4*r - 286, 4*b - r = 590. List the prime factors of b.
2, 37
Suppose 0 = 4*f - 2*u - 314, -2*f + 221 = -3*u + 74. Let s = f - 76. Suppose s*i - 1710 = -5*i. List the prime factors of i.
3, 19
Suppose -42 = -9*q - 5*q. Let u be q*(-2 + (-8)/(-6)) + 2. Suppose 6*m - 46 + 4 = u. What are the prime factors of m?
7
Let g = 511 + -360. Suppose 5*q - 99 - 61 = -x, x + 2*q - g = 0. List the prime factors of x.
5, 29
Let w = -554 - -863. Let g = w - 142. List the prime factors of g.
167
Let b be (1/(-5) + 34/(-30))*3. Let r be (-2)/(-4)*b + 6. What are the prime factors of (5/(30/212))/(r/6)?
53
Let p = 3563 + -3561. Suppose -3*w = 2 - 11. Suppose -w*g = -4*g + p. What are the prime factors of g?
2
Let i(t) be the third derivative of -t**6/120 + t**5/15 + t**4/4 - t**3/2 + 16*t**2. Let u be i(5). List the prime factors of (3 + u)/(1/5).
5
Let k(t) = -28*t + 2. Let j be -3*(40/15 + -3). Let a be k(j). Let y = a + 61. List the prime factors of y.
5, 7
Let l be (-106)/(-22) - 2/(-11). Suppose 5*m + 2 = 4*b, m - 2 = -3*m + l*b. What are the prime factors of (12/m)/3 + 155?
3, 17
Let z(p) = 0*p - 45 - 6 + 7*p. Let x be z(12). Let i = 68 - x. List the prime factors of i.
5, 7
Let o be ((-112)/21 + 6)/((-2)/(-453)). Suppose -o*y + 160*y = 5337. What are the prime factors of y?
593
List the prime factors of (12 - 686/70)/(1/2405).
11, 13, 37
Let y be 3 + (1 - 4/2). Suppose y*j - 2 = 4. Suppose j*t - 4*x - 31 = -3*x, 2*t = 4*x + 34. List the prime factors of t.
3
Let u = 8286 - 3062. What are the prime factors of u?
2, 653
Let i = -1992 - -7294. Suppose -b - b - i = -4*o, -25 = -5*b. What are the prime factors of o?
2, 83
Let j(g) = 41*g**3 + 75*g**2 - g - 25. What are the prime factors of j(7)?
2, 3, 13, 227
Let v = 12 - -6. Suppose -7*u + v = 4. List the prime factors of 54/(u - 6/4).
2, 3
Suppose 75*c + 28*c + 58*c = 5703908. What are the prime factors of c?
2, 17, 521
Let h = 141 + -42. Suppose -9*g = h - 819. Suppose -g + 22 = -2*j. What are the prime factors of j?
29
Let d = -27516 - -97936. What are the prime factors of d?
2, 5, 7, 503
Suppose 807*o - 643*o = 5511712. What are the prime factors of o?
2, 4201
Let s(r) = -5*r**3 - 10*r**2 + 12*r - 17. Let m be s(5). Let o = m + 1545. What are the prime factors of o?
23, 31
List the prime factors of (-2)/(-8)*29*(-5936)/(-28).
29, 53
Let o(z) = -190*z**3 - 5*z**2 + 45*z + 175. List the prime factors of o(-6).
5, 31, 263
Suppose c - 5 = 0, 3*n + 7*c + 22 = 6*c. Let t(r) = 11 + 20*r - 47*r + 18*r. What are the prime factors of t(n)?
2, 23
Let s = 51636 - -1285. What are the prime factors of s?
11, 17, 283
Let o = 5525 - 2610. What are the prime factors of o?
5, 11, 53
Let p(x) = x**3 - 16*x**2 + 18*x - 9. Let i be -4*34/(-8) + -2. Let n be p(i). Let q = n - 18. What are the prime factors of q?
2, 3
Suppose -2*r - 21 = -a, 0 = -5*r - 13*a + 17*a - 54. Let n(l) = 4*l**2 - l + 10. What are the prime factors of n(r)?
2, 3, 5, 7
Suppose 0 = -4*f + 2 - 18. Let v be (24/(-30))/((16/(-10))/f). What are the prime factors of (-2428)/18*v + (-2)/(-9)?
2, 3, 5
Suppose 0 = 3*d + 3, 2*h - 12045 = -5*d + 17170. What are the prime factors of h?
2, 3, 5, 487
Let f = -33 + 45. Suppose 4*x - f = 0, -3*u + x + x = -24. Suppose u*i - 354 = 4*i. List the prime factors of i.
59
Suppose -191 = 30*y + 259. List the prime factors of 2/6 + ((-13930)/y - -8).
937
Let o be (-2)/((-20)/35) - 4/8. Suppose -3*z - 279 = -o*r, -121 - 83 = -2*r - 4*z. What are the prime factors of r?
2, 3
Let d(t) be the first derivative of 3*t**2 + t - 28. Let l be d(0). What are the prime factors of (-33)/l*75/(-9)?
5, 11
Let v(a) = -13*a - 9. Let o be v(-7). Suppose o = 3*r - 140. Let t = r + -32. List the prime factors of t.
2, 3, 7
Let i be -5 + 4*(12/(-16))/3. Let k be (2 + i - -28)*(-6)/4. List the prime factors of 4 - (k - (-15)/(-5)).
43
Let r(l) = -l + 18. Let t be r(-10). List the prime factors of (-7)/(t/(-24)) + 71.
7, 11
List the prime factors of 3/(-10) - 2170509/(-530).
3, 5, 7, 13
Let x = -23 + -395. Let p = -131 - x. What are the prime factors of p?
7, 41
Let c(p) = -52*p - 17. Let r(g) = -77*g - 26. Let x(j) = -8*c(j) + 5*r(j). What are the prime factors of x(2)?
2, 17
Let c(h) = 104*h + 5. Let j = -55 + 62. Suppose -j + 6 = -s. List the prime factors of c(s).
109
Let p = 33 + -62. Let a be -10*-1*p/(-2). Let n = 346 - a. What are the prime factors of n?
3, 67
Let s be (86/129)/((-4)/(-534)). Let r = s + 343. List the prime factors of r.
2, 3
Let a(q) = -q**3 - 26*q**2 - 18*q + 2. Let i be a(-25). Let o = -161 - i. List the prime factors of o.
2, 3
Let f(i) = -835*i + 4871. List the prime factors of f(-82).
3, 29, 281
Suppose -f + 3*g = -6, 5*f + 31 = f + g. List the prime factors of (-6)/27 + (-893)/f.
3, 11
Let n = -282 + 585. Suppose 4*j = 5*q - 1866, -q + 87 + n = -5*j. Suppose 3*i - 562 = h, i - q = -i - 4*h. List the prime factors of i.
11, 17
Suppose -4*b - 143326 = -7*y, 3*y - 4*b - 76603 = -15173. List the prime factors of y.
2, 29, 353
Let q(d) = 505*d**2 - 20*d - 64. What are the prime factors of q(-4)?
2, 11, 23
Suppose 2*m - 16*m = 2*m - 1120. Let x = 92 + -26. Let h = m + x. List the prime factors of h.
2, 17
Suppose 0 = -2*a + 9491 + 391. List the prime factors of a.
3, 61
Let k = 52974 + -25763. What are the prime factors of k?
27211
What are the prime factors of (6 - 17/(-85)*1545/(-4))*-148?
3, 5, 19, 37
Let s = 3 - 3. Suppose -2*v - v + 5 = 2*u, -4*u - 5*v + 11 = s. List the prime factors of 3/((-1300)/328 + u).
2, 41
Let t = -644 + 662. What are the prime factors of 4/t - (-13)/(936/31088)?
2, 3
Let u = 118 - 113. Let y(w) = 2*w**3 - 9*w**2 + 20*w - 17. Let v(s) = 3*s**3 - 13*s**2 + 30*s - 26. Let d(z) = 5*v(z) - 8*y(z). List the prime factors of d(u).
2, 3
Suppose 31*k = 35*k - 20, -4*f + k = -29243. List the prime factors of f.
2, 457
Suppose 12*r - 21 = 5*r. Suppose 5*u - r = 12. List the prime factors of (u*6)/((2 - 3) + 2).
2, 3
Let i(g) = -g**2 - 8*g - 11. Let q be i(-8). Let t = 3 + q. What are the prime factors of (t*9/6)/(3/(-32))?
2
Suppose -3*g = -4*y - 728 + 8432, 4*y - 7680 = -3*g. What are the prime factors of y?
3, 641
Let c(h) = -15*h**2 - h + 4616. What are the prime factors of c(0)?
2, 577
Let t = -32514 + 55465. What are the prime factors of t?
59, 389
Let u(h) be the third derivative of 11*h**5/60 - 3*h**4/8 - 11*h**3/6 - 16*h**2 + 4. What are the prime fa